What is the millions digit of 237744757?
7
What is the ten millions digit of 216851410?
1
What is the hundred thousands digit of 284341580?
3
What is the units digit of 13047912?
2
What is the units digit of 8823911?
1
What is the units digit of 40320831?
1
What is the ten thousands digit of 699966978?
6
What is the hundreds digit of 328697065?
0
What is the thousands digit of 1952024007?
4
What is the ten thousands digit of 4053695111?
9
What is the hundreds digit of 209244111?
1
What is the hundred thousands digit of 56905258?
9
What is the hundred millions digit of 1420726977?
4
What is the thousands digit of 1286502921?
2
What is the hundred thousands digit of 193177267?
1
What is the ten thousands digit of 74974882?
7
What is the ten thousands digit of 244869741?
6
What is the ten millions digit of 1018177987?
1
What is the billions digit of 1321019643?
1
What is the hundreds digit of 209064510?
5
What is the ten millions digit of 15667325?
1
What is the millions digit of 94842958?
4
What is the tens digit of 7763010?
1
What is the units digit of 3889252?
2
What is the ten millions digit of 876959421?
7
What is the hundred millions digit of 575019866?
5
What is the tens digit of 2658304079?
7
What is the ten millions digit of 715413179?
1
What is the ten thousands digit of 7681563?
8
What is the millions digit of 45415570?
5
What is the millions digit of 15573072?
5
What is the ten millions digit of 32111899?
3
What is the ten thousands digit of 3249431551?
3
What is the millions digit of 36151732?
6
What is the hundred thousands digit of 40347058?
3
What is the tens digit of 414857737?
3
What is the ten thousands digit of 38589025?
8
What is the millions digit of 38861644?
8
What is the hundred millions digit of 514961150?
5
What is the units digit of 58615043?
3
What is the tens digit of 77200614?
1
What is the ten millions digit of 142890117?
4
What is the ten thousands digit of 63679094?
7
What is the hundred thousands digit of 2685546179?
5
What is the millions digit of 64084472?
4
What is the thousands digit of 125138113?
8
What is the thousands digit of 289038165?
8
What is the thousands digit of 177844300?
4
What is the tens digit of 1926307145?
4
What is the millions digit of 35112559?
5
What is the millions digit of 1188107118?
8
What is the millions digit of 233162498?
3
What is the tens digit of 1127399094?
9
What is the thousands digit of 148479608?
9
What is the billions digit of 1571854149?
1
What is the units digit of 1794866058?
8
What is the tens digit of 447254574?
7
What is the units digit of 221600218?
8
What is the thousands digit of 2449719130?
9
What is the thousands digit of 4023167724?
7
What is the ten thousands digit of 473352942?
5
What is the tens digit of 2625641405?
0
What is the billions digit of 3133561526?
3
What is the hundred thousands digit of 208420283?
4
What is the ten thousands digit of 1950537007?
3
What is the ten thousands digit of 197610169?
1
What is the hundred thousands digit of 2753454201?
4
What is the units digit of 412250434?
4
What is the hundred millions digit of 181508322?
1
What is the hundreds digit of 13279210?
2
What is the tens digit of 408224175?
7
What is the ten millions digit of 1429345295?
2
What is the ten millions digit of 242217903?
4
What is the units digit of 261179981?
1
What is the millions digit of 949770057?
9
What is the hundred thousands digit of 390786189?
7
What is the hundreds digit of 4022874853?
8
What is the units digit of 38862258?
8
What is the hundreds digit of 2843682398?
3
What is the hundred thousands digit of 617374623?
3
What is the hundreds digit of 218307459?
4
What is the ten millions digit of 80850318?
8
What is the ten thousands digit of 634676306?
7
What is the millions digit of 842113556?
2
What is the hundred millions digit of 324807113?
3
What is the ten thousands digit of 536755043?
5
What is the units digit of 148505655?
5
What is the units digit of 1124931484?
4
What is the hundreds digit of 7988848058?
0
What is the ten thousands digit of 89961522?
6
What is the hundred thousands digit of 204358267?
3
What is the hundred millions digit of 138981946?
1
What is the ten millions digit of 141197512?
4
What is the tens digit of 193937285?
8
What is the ten thousands digit of 161713257?
1
What is the hundreds digit of 686584437?
4
What is the units digit of 4198556?
6
What is the tens digit of 345819525?
2
What is the ten thousands digit of 591840954?
4
What is the hundreds digit of 5662138265?
2
What is the millions digit of 1078955323?
8
What is the hundred millions digit of 353150722?
3
What is the millions digit of 317562005?
7
What is the hundred thousands digit of 814474515?
4
What is the millions digit of 647564248?
7
What is the units digit of 8677598?
8
What is the units digit of 353489540?
0
What is the thousands digit of 137624366?
4
What is the ten millions digit of 110631509?
1
What is the hundreds digit of 51354680?
6
What is the ten millions digit of 3193860024?
9
What is the ten millions digit of 3593323143?
9
What is the ten millions digit of 4147706788?
4
What is the hundred thousands digit of 326308719?
3
What is the tens digit of 190865791?
9
What is the units digit of 64467875?
5
What is the hundred thousands digit of 95889075?
8
What is the hundreds digit of 106934470?
4
What is the millions digit of 1191946251?
1
What is the millions digit of 1724915823?
4
What is the hundreds digit of 58450707?
7
What is the millions digit of 127811881?
7
What is the millions digit of 4171044868?
1
What is the tens digit of 14534012?
1
What is the hundreds digit of 251571244?
2
What is the hundreds digit of 1058324069?
0
What is the hundred thousands digit of 158878476?
8
What is the ten millions digit of 195880758?
9
What is the hundred thousands digit of 1137386043?
3
What is the thousands digit of 347945362?
5
What is the ten millions digit of 102537031?
0
What is the ten millions digit of 237889393?
3
What is the hundred thousands digit of 47258137?
2
What is the millions digit of 166420393?
6
What is the ten millions digit of 12181132?
1
What is the ten millions digit of 1223256986?
2
What is the hundred thousands digit of 73979146?
9
What is the hundreds digit of 1761520095?
0
What is the hundred thousands digit of 740151645?
1
What is the ten millions digit of 45905492?
4
What is the hundred thousands digit of 807349623?
3
What is the hundred millions digit of 311211635?
3
What is the units digit of 204366312?
2
What is the ten thousands digit of 2575185317?
8
What is the millions digit of 357276409?
7
What is the units digit of 95957927?
7
What is the thousands digit of 136627549?
7
What is the units digit of 46835438?
8
What is the ten millions digit of 33556825?
3
What is the tens digit of 1545538?
3
What is the hundred thousands digit of 617993353?
9
What is the hundred millions digit of 5876564634?
8
What is the units digit of 70980287?
7
What is the hundred millions digit of 133287604?
1
What is the units digit of 14002224?
4
What is the hundreds digit of 138040254?
2
What is the ten thousands digit of 753002666?
0
What is the hundred thousands digit of 27462215?
4
What is the ten millions digit of 567523280?
6
What is the ten thousands digit of 1572614759?
1
What is the tens digit of 201750375?
7
What is the tens digit of 32143779?
7
What is the hundred millions digit of 5571436178?
5
What is the units digit of 442760223?
3
What is the hundreds digit of 42048397?
3
What is the units digit of 420429773?
3
What is the thousands digit of 103980813?
0
What is the tens digit of 545791557?
5
What is the tens digit of 28877589?
8
What is the millions digit of 715291420?
5
What is the millions digit of 122409744?
2
What is the hundred millions digit of 145895690?
1
What is the tens digit of 2791462?
6
What is the millions digit of 59329949?
9
What is the thousands digit of 743592569?
2
What is the hundred millions digit of 185065897?
1
What is the tens digit of 1390481916?
1
What is the hundred thousands digit of 722968769?
9
What is the units digit of 2413816295?
5
What is the thousands digit of 3540752653?
2
What is the units digit of 1459515028?
8
What is the millions digit of 52258699?
2
What is the ten millions digit of